{"id":32,"date":"2024-05-28T19:39:27","date_gmt":"2024-05-28T19:39:27","guid":{"rendered":"https:\/\/freibadwaldzell.at\/?page_id=32"},"modified":"2026-04-21T10:37:09","modified_gmt":"2026-04-21T10:37:09","slug":"aktuell","status":"publish","type":"page","link":"https:\/\/www.freibadwaldzell.at\/","title":{"rendered":"AKTUELL"},"content":{"rendered":"\n<figure class=\"wp-block-image aligncenter size-large\"><img loading=\"lazy\" decoding=\"async\" width=\"1024\" height=\"576\" src=\"https:\/\/www.freibadwaldzell.at\/wp-content\/uploads\/2025\/05\/Freibad-Waldzell-1024x576.jpg\" alt=\"\" class=\"wp-image-367\" srcset=\"https:\/\/www.freibadwaldzell.at\/wp-content\/uploads\/2025\/05\/Freibad-Waldzell-1024x576.jpg 1024w, https:\/\/www.freibadwaldzell.at\/wp-content\/uploads\/2025\/05\/Freibad-Waldzell-300x169.jpg 300w, https:\/\/www.freibadwaldzell.at\/wp-content\/uploads\/2025\/05\/Freibad-Waldzell-768x432.jpg 768w, https:\/\/www.freibadwaldzell.at\/wp-content\/uploads\/2025\/05\/Freibad-Waldzell-1536x864.jpg 1536w, https:\/\/www.freibadwaldzell.at\/wp-content\/uploads\/2025\/05\/Freibad-Waldzell.jpg 1600w\" sizes=\"auto, (max-width: 1024px) 100vw, 1024px\" \/><\/figure>\n\n\n\n<figure class=\"wp-block-image aligncenter size-full\"><img loading=\"lazy\" decoding=\"async\" width=\"355\" height=\"171\" src=\"https:\/\/www.freibadwaldzell.at\/wp-content\/uploads\/2024\/05\/geschlossen2024.png\" alt=\"\" class=\"wp-image-61\" srcset=\"https:\/\/www.freibadwaldzell.at\/wp-content\/uploads\/2024\/05\/geschlossen2024.png 355w, https:\/\/www.freibadwaldzell.at\/wp-content\/uploads\/2024\/05\/geschlossen2024-300x145.png 300w\" sizes=\"auto, (max-width: 355px) 100vw, 355px\" \/><\/figure>\n\n\n\n<h2 class=\"wp-block-heading has-text-align-center\"><strong><mark style=\"background-color:rgba(0, 0, 0, 0);color:#ff6900\" class=\"has-inline-color\">Liebe Badeg\u00e4ste, wir schlie\u00dfen f\u00fcr diese Saison mit 1. September das Freibad. Wir bedanken uns bei allen G\u00e4sten und freuen uns auf ein Wiedersehen 2026! Eure Bademeister!!!<\/mark><\/strong><\/h2>\n\n\n\n<p class=\"has-text-align-center\" style=\"font-size:28px\"><strong>Wassertemperatur:<\/strong> <mark style=\"background-color:rgba(0, 0, 0, 0)\" class=\"has-inline-color has-vivid-cyan-blue-color\"><strong>23\u00b0<\/strong><\/mark><\/p>\n\n\n\n<h3 class=\"wp-block-heading has-text-align-center\"><\/h3>\n\n\n\n<h2 class=\"wp-block-heading has-text-align-center\" style=\"font-size:28px\"><strong>\u00d6ffnungszeiten: <\/strong><\/h2>\n\n\n\n<p class=\"has-text-align-center has-medium-font-size\"><strong>08.\u00a0Mai bis 10. Juli 2026 10:30 bis 19:00 Uhr<\/strong><br><strong>11. Juli bis 30. August 2026 10:00 bis 19:00 Uhr<\/strong><\/p>\n\n\n\n<p><\/p>\n","protected":false},"excerpt":{"rendered":"<p>Liebe Badeg\u00e4ste, wir schlie\u00dfen f\u00fcr diese Saison mit 1. September das Freibad. Wir bedanken uns bei allen G\u00e4sten und freuen [&hellip;]<\/p>\n","protected":false},"author":1,"featured_media":0,"parent":0,"menu_order":0,"comment_status":"closed","ping_status":"closed","template":"","meta":{"site-sidebar-layout":"default","site-content-layout":"","ast-site-content-layout":"default","site-content-style":"default","site-sidebar-style":"default","ast-global-header-display":"","ast-banner-title-visibility":"","ast-main-header-display":"","ast-hfb-above-header-display":"","ast-hfb-below-header-display":"","ast-hfb-mobile-header-display":"","site-post-title":"","ast-breadcrumbs-content":"","ast-featured-img":"","footer-sml-layout":"","ast-disable-related-posts":"","theme-transparent-header-meta":"","adv-header-id-meta":"","stick-header-meta":"","header-above-stick-meta":"","header-main-stick-meta":"","header-below-stick-meta":"","astra-migrate-meta-layouts":"default","ast-page-background-enabled":"default","ast-page-background-meta":{"desktop":{"background-color":"var(--ast-global-color-5)","background-image":"","background-repeat":"repeat","background-position":"center center","background-size":"auto","background-attachment":"scroll","background-type":"","background-media":"","overlay-type":"","overlay-color":"","overlay-opacity":"","overlay-gradient":""},"tablet":{"background-color":"","background-image":"","background-repeat":"repeat","background-position":"center center","background-size":"auto","background-attachment":"scroll","background-type":"","background-media":"","overlay-type":"","overlay-color":"","overlay-opacity":"","overlay-gradient":""},"mobile":{"background-color":"","background-image":"","background-repeat":"repeat","background-position":"center center","background-size":"auto","background-attachment":"scroll","background-type":"","background-media":"","overlay-type":"","overlay-color":"","overlay-opacity":"","overlay-gradient":""}},"ast-content-background-meta":{"desktop":{"background-color":"var(--ast-global-color-4)","background-image":"","background-repeat":"repeat","background-position":"center center","background-size":"auto","background-attachment":"scroll","background-type":"","background-media":"","overlay-type":"","overlay-color":"","overlay-opacity":"","overlay-gradient":""},"tablet":{"background-color":"var(--ast-global-color-4)","background-image":"","background-repeat":"repeat","background-position":"center center","background-size":"auto","background-attachment":"scroll","background-type":"","background-media":"","overlay-type":"","overlay-color":"","overlay-opacity":"","overlay-gradient":""},"mobile":{"background-color":"var(--ast-global-color-4)","background-image":"","background-repeat":"repeat","background-position":"center center","background-size":"auto","background-attachment":"scroll","background-type":"","background-media":"","overlay-type":"","overlay-color":"","overlay-opacity":"","overlay-gradient":""}},"footnotes":""},"class_list":["post-32","page","type-page","status-publish","hentry"],"_links":{"self":[{"href":"https:\/\/www.freibadwaldzell.at\/index.php?rest_route=\/wp\/v2\/pages\/32","targetHints":{"allow":["GET"]}}],"collection":[{"href":"https:\/\/www.freibadwaldzell.at\/index.php?rest_route=\/wp\/v2\/pages"}],"about":[{"href":"https:\/\/www.freibadwaldzell.at\/index.php?rest_route=\/wp\/v2\/types\/page"}],"author":[{"embeddable":true,"href":"https:\/\/www.freibadwaldzell.at\/index.php?rest_route=\/wp\/v2\/users\/1"}],"replies":[{"embeddable":true,"href":"https:\/\/www.freibadwaldzell.at\/index.php?rest_route=%2Fwp%2Fv2%2Fcomments&post=32"}],"version-history":[{"count":521,"href":"https:\/\/www.freibadwaldzell.at\/index.php?rest_route=\/wp\/v2\/pages\/32\/revisions"}],"predecessor-version":[{"id":683,"href":"https:\/\/www.freibadwaldzell.at\/index.php?rest_route=\/wp\/v2\/pages\/32\/revisions\/683"}],"wp:attachment":[{"href":"https:\/\/www.freibadwaldzell.at\/index.php?rest_route=%2Fwp%2Fv2%2Fmedia&parent=32"}],"curies":[{"name":"wp","href":"https:\/\/api.w.org\/{rel}","templated":true}]}}

<figure class="wp-block-image aligncenter size-large"><img loading="lazy" decoding="async" width="1024" height="576" src="https://www.freibadwaldzell.at/wp-content/uploads/2025/05/Freibad-Waldzell-1024x576.jpg" alt="" class="wp-image-367" srcset="https://www.freibadwaldzell.at/wp-content/uploads/2025/05/Freibad-Waldzell-1024x576.jpg 1024w, https://www.freibadwaldzell.at/wp-content/uploads/2025/05/Freibad-Waldzell-300x169.jpg 300w, https://www.freibadwaldzell.at/wp-content/uploads/2025/05/Freibad-Waldzell-768x432.jpg 768w, https://www.freibadwaldzell.at/wp-content/uploads/2025/05/Freibad-Waldzell-1536x864.jpg 1536w, https://www.freibadwaldzell.at/wp-content/uploads/2025/05/Freibad-Waldzell.jpg 1600w" sizes="auto, (max-width: 1024px) 100vw, 1024px" /></figure>



<figure class="wp-block-image aligncenter size-full"><img loading="lazy" decoding="async" width="355" height="171" src="https://www.freibadwaldzell.at/wp-content/uploads/2024/05/geschlossen2024.png" alt="" class="wp-image-61" srcset="https://www.freibadwaldzell.at/wp-content/uploads/2024/05/geschlossen2024.png 355w, https://www.freibadwaldzell.at/wp-content/uploads/2024/05/geschlossen2024-300x145.png 300w" sizes="auto, (max-width: 355px) 100vw, 355px" /></figure>



<h2 class="wp-block-heading has-text-align-center"><strong><mark style="background-color:rgba(0, 0, 0, 0);color:#ff6900" class="has-inline-color">Liebe Badegäste, wir schließen für diese Saison mit 1. September das Freibad. Wir bedanken uns bei allen Gästen und freuen uns auf ein Wiedersehen 2026! Eure Bademeister!!!</mark></strong></h2>



<p class="has-text-align-center" style="font-size:28px"><strong>Wassertemperatur:</strong> <mark style="background-color:rgba(0, 0, 0, 0)" class="has-inline-color has-vivid-cyan-blue-color"><strong>23°</strong></mark></p>



<h3 class="wp-block-heading has-text-align-center"></h3>



<h2 class="wp-block-heading has-text-align-center" style="font-size:28px"><strong>Öffnungszeiten: </strong></h2>



<p class="has-text-align-center has-medium-font-size"><strong>08. Mai bis 10. Juli 2026 10:30 bis 19:00 Uhr</strong><br><strong>11. Juli bis 30. August 2026 10:00 bis 19:00 Uhr</strong></p>



<p></p>

<p>Liebe Badegäste, wir schließen für diese Saison mit 1. September das Freibad. Wir bedanken uns bei allen Gästen und freuen [&hellip;]</p>
